1111
In base 16, what is 121 - a?
117
In base 3, what is -12210222121 + -11?
-12210222202
In base 5, what is -2131 - 32004?
-34140
In base 2, what is 10010101101101110111 + 11?
10010101101101111010
In base 4, what is 3 - 103121101?
-103121032
In base 15, what is -3 - -38821?
3881d
In base 8, what is 1777644 - 5?
1777637
In base 10, what is 46368 + 10?
46378
In base 2, what is 1101 + 1011110011?
1100000000
In base 10, what is 21 - -197?
218
In base 9, what is -43 - -610?
556
In base 15, what is b - -14?
20
In base 12, what is 23 - -2b3b?
2b62
In base 12, what is 27 - 198?
-171
In base 12, what is -2b2a - 11?
-2b3b
In base 5, what is 0 + -24413?
-24413
In base 2, what is -10 - -11010111001011010?
11010111001011000
In base 6, what is 1 + -34520?
-34515
In base 8, what is -144 + 76?
-46
In base 3, what is -112 + -211110?
-211222
In base 2, what is -11101101111000110 - 0?
-11101101111000110
In base 11, what is 4 + -65516?
-65512
In base 9, what is 27 + -6775?
-6747
In base 3, what is -12 - -1210121120?
1210121101
In base 15, what is -a - -3cd?
3c3
In base 5, what is -14023330 + -24?
-14023404
In base 3, what is 102 + 102101022?
102101201
In base 13, what is -653 + 3?
-650
In base 13, what is -3 - -14441?
1443b
In base 8, what is -221 - -2673?
2452
In base 4, what is 1 - 10100000?
-10033333
In base 12, what is -49 + 12?
-37
In base 6, what is 50424 + 10?
50434
In base 13, what is 474 - 12?
462
In base 11, what is -4 - 372187?
-372190
In base 2, what is -1100010001 + 111100?
-1011010101
In base 9, what is 55 - 105?
-40
In base 9, what is -1 - -15223?
15222
In base 12, what is -1 - 364992?
-364993
In base 2, what is -11011001101 - 10001110?
-11101011011
In base 10, what is 242 + -11374?
-11132
In base 7, what is 4 + 101546?
101553
In base 11, what is -76925 + 5?
-76920
In base 12, what is -6 - 3b14?
-3b1a
In base 6, what is 10 + 233521?
233531
In base 6, what is -32444 - -1?
-32443
In base 3, what is -11 - -2212201021?
2212201010
In base 3, what is -111 + 1110011?
1102200
In base 12, what is -2b0 - 160?
-450
In base 10, what is 118626 + -5?
118621
In base 2, what is -100110011 - 1001101?
-110000000
In base 11, what is 8 + -105801?
-1057a4
In base 14, what is 6904 - 0?
6904
In base 13, what is -7 - -3477?
3470
In base 12, what is -271 - 49?
-2ba
In base 13, what is 26212 + 0?
26212
In base 15, what is ea12 + -2?
ea10
In base 6, what is 40255 - 21?
40234
In base 14, what is -5 - -17843?
1783c
In base 15, what is -28 - -37c?
354
In base 13, what is 121 + 1514?
1635
In base 8, what is 51024 + -13?
51011
In base 9, what is 70761 + -88?
70662
In base 14, what is 26ab + 41?
270c
In base 12, what is 32 + -408?
-396
In base 9, what is -12 - 23025?
-23037
In base 13, what is -949190 + -2?
-949192
In base 13, what is -3601 - -16?
-35b8
In base 5, what is -21 + 431313?
431242
In base 9, what is 464 + 1572?
2146
In base 8, what is 751 - -343?
1314
In base 14, what is 3 - 57ba?
-57b7
In base 4, what is -223300000 - 23?
-223300023
In base 3, what is -20 + -1221110020?
-1221110110
In base 4, what is 20002 + 31030?
111032
In base 12, what is 5 - -6125?
612a
In base 16, what is 1 - -82b3?
82b4
In base 5, what is -124 - -13221?
13042
In base 5, what is 24023 + 43014?
122042
In base 15, what is -e6 + 4c68?
4b72
In base 4, what is -21122 + 203220?
122032
In base 14, what is 66 + 597?
61d
In base 8, what is -221 - 3300?
-3521
In base 11, what is 1350 + 54?
13a4
In base 8, what is 3 - -17222?
17225
In base 15, what is 15b1 + 4?
15b5
In base 15, what is 55 + 1a5?
20a
In base 16, what is 2b7dd - -b?
2b7e8
In base 14, what is -5415 - -3?
-5412
In base 11, what is 2 - -596a?
5971
In base 8, what is -126 - 74?
-222
In base 13, what is -33a5 - -5?
-33a0
In base 13, what is -2c - 82c?
-85b
In base 12, what is 24b4a5 + -5?
24b4a0
In base 12, what is 7 - 4bb3?
-4ba8
In base 7, what is 5 + -23134?
-23126
In base 2, what is 11001 + 1111001110?
1111100111
In base 4, what is 3 - 230111103?
-230111100
In base 4, what is -32 + 1002032232?
1002032200
In base 13, what is 4 - c144?
-c140
In base 12, what is -132a1 + 104?
-13199
In base 5, what is 3122 - 101?
3021
In base 15, what is 95 - 3309?
-3264
In base 12, what is 1 - -44323?
44324
In base 3, what is -2102000210 - 0?
-2102000210
In base 7, what is -3160 + 650?
-2210
In base 14, what is 483b - 0?
483b
In base 4, what is -11032 + 10030?
-1002
In base 3, what is 1212 + -10200?
-1211
In base 2, what is -100100001 + 11011?
-100000110
In base 2, what is 100010001101 + 110011?
100011000000
In base 14, what is -2 - -15d925?
15d923
In base 10, what is -1318 - -7?
-1311
In base 14, what is -25a - -1d1?
-69
In base 5, what is 1042403003 - 0?
1042403003
In base 8, what is 1216 + -311?
705
In base 15, what is 32 + bd29?
bd5b
In base 13, what is -a32 - -42?
-9c0
In base 12, what is a + 394?
3a2
In base 14, what is -a192 - 6?
-a198
In base 16, what is -5b5 - 2a?
-5df
In base 16, what is fa25 - 18?
fa0d
In base 11, what is -43315 - 46?
-43360
In base 3, what is 11 + -12222211021?
-12222211010
In base 8, what is 163 - 236?
-53
In base 8, what is -5 + -26605?
-26612
In base 6, what is -2504 - -1005?
-1455
In base 11, what is 3 + 14005?
14008
In base 16, what is -5 - -1996a?
19965
In base 10, what is 2069324 - 1?
2069323
In base 12, what is -2 - -bb965?
bb963
In base 6, what is 355 - 3534?
-3135
In base 7, what is 304 + -330?
-23
In base 5, what is -10 - 23441301?
-23441311
In base 2, what is 101 + -1001000101100101?
-1001000101100000
In base 16, what is -2bd + e?
-2af
In base 2, what is 1101110011000 + -1011010?
1101100111110
In base 14, what is a087 + 4?
a08b
In base 13, what is -1 + 3c38?
3c37
In base 4, what is -211 - -2113132?
2112321
In base 4, what is -2 + -1302323003?
-1302323011
In base 6, what is -243334 + -104?
-243442
In base 6, what is 111544 - -4?
111552
In base 11, what is 1 - -4304?
4305
In base 12, what is 684 + -431?
253
In base 12, what is 2a + 328?
356
In base 5, what is 22130 + 21?
22201
In base 16, what is d - 10f2?
-10e5
In base 2, what is 1100011000111 + -10110010?
1100000010101
In base 10, what is -70 + 11692?
11622
In base 8, what is -2 + 16247?
16245
In base 13, what is 657 + -a28?
-3a1
In base 8, what is 16 - -16173?
16211
In base 8, what is 3212256 - 1?
3212255
In base 15, what is -58e39 + -5?
-58e3e
In base 13, what is 18 - 170?
-155
In base 14, what is -37037 + 5?
-37032
In base 5, what is -1 + 42430?
42424
In base 5, what is -13023114140 - 3?
-13023114143
In base 9, what is 31802 - 3?
31788
In base 5, what is 1100112 - -20?
1100132
In base 5, what is -320301 + -33?
-320334
In base 12, what is 94b + -47?
904
In base 8, what is -204502 - -11?
-204471
In base 8, what is 4 - -6623517?
6623523
In base 15, what is -13903 + 8?
-138ea
In base 8, what is -370 + 271?
-77
In base 8, what is 67 - -302?
371
In base 12, what is b636 + -1?
b635
In base 4, what is -232020 + 20?
-232000
In base 6, what is -4 - -23423110?
23423102
In base 4, what is 10132322130 + -10?
10132322120
In base 13, what is c6a5 + c?
c6b4
In base 9, what is -3228 + 24?
-3204
In base 8, what is 336076 + 5?
336103
In base 8, what is -701 + -227?
-1130
In base 15, what is -1b311 - -30?
-1b2d1
In base 9, what is -337 + 27?
-310
In base 10, what is 2392 + -423?
1969
In base 6, what is -1345 - -2411?
1022
In base 5, what is 13 + -2401223?
-2401210
In base 15, what is -62 + -6cb?
-73d
In base 4, what is 11 - 30233212?
-30233201
In base 2, what is 1011 + 10011101100?
10011110111
In base 8, what is -142641 - -32?
-142607
In base 3, what is -1110122220 - 21?
-1110200011
In base 3, what is -2 - 12022100000?
-12022100002
In base 7, what is -2025 + 166?
-1526
In base 3, what is -2010111120 + -2?
-2010111122
In base 16, what is -41b9 + -5?
-41be
In base 6, what is 43 + 13415?
13502
In base 15, what is 6b - 9604?
-9588
In base 16, what is 2ae + 120?
3ce
In base 2, what is 1110 + -1101001001110?
-1101001000000
In base 6, what is 101 - -542?
1043
In base 16, what is 3 - 58f2?
-58ef
In base 11, what is -7 - 67a4?
-6800
In base 11, what is -9 - 3904?
-3912
In base 11, what is 60 + 17558?
17608
In base 16, what is 9 - -8a8?
8b1
In base 5, what is -1 + 2111033?
2111032
In base 4, what is -1033133 - 213?
-1100012
In base 8, what is 20440 + -33?
20405
In base 9, what is 2561 - 1?
256